{"id":2644,"date":"2025-07-23T19:41:16","date_gmt":"2025-07-23T22:41:16","guid":{"rendered":"https:\/\/sinddanca.com.br\/site99\/?page_id=2644"},"modified":"2025-07-24T17:29:08","modified_gmt":"2025-07-24T20:29:08","slug":"institucional","status":"publish","type":"page","link":"https:\/\/sinddanca.com.br\/site99\/institucional\/","title":{"rendered":"Institucional"},"content":{"rendered":"\t\t<div data-elementor-type=\"wp-post\" data-elementor-id=\"2644\" class=\"elementor elementor-2644\">\n\t\t\t\t<div class=\"elementor-element elementor-element-296b94c e-flex e-con-boxed elementor-invisible e-con e-parent\" data-id=\"296b94c\" data-element_type=\"container\" data-settings=\"{&quot;background_background&quot;:&quot;classic&quot;,&quot;animation&quot;:&quot;fadeIn&quot;}\">\n\t\t\t\t\t<div class=\"e-con-inner\">\n\t\t<div class=\"elementor-element elementor-element-6c80bf4 e-con-full e-flex e-con e-child\" data-id=\"6c80bf4\" data-element_type=\"container\" data-settings=\"{&quot;background_background&quot;:&quot;classic&quot;}\">\n\t\t\t\t<div class=\"elementor-element elementor-element-adb1249 elementor-widget elementor-widget-heading\" data-id=\"adb1249\" data-element_type=\"widget\" data-widget_type=\"heading.default\">\n\t\t\t\t<div class=\"elementor-widget-container\">\n\t\t\t\t\t<h2 class=\"elementor-heading-title elementor-size-default\"><br><br><br><hr size=\"3\">INSTITUCIONAL<br>Conhe\u00e7a um pouco da nossa hist\u00f3ria<\/h2>\t\t\t\t<\/div>\n\t\t\t\t<\/div>\n\t\t\t\t<div class=\"elementor-element elementor-element-b16ba04 elementor-widget elementor-widget-text-editor\" data-id=\"b16ba04\" data-element_type=\"widget\" data-widget_type=\"text-editor.default\">\n\t\t\t\t<div class=\"elementor-widget-container\">\n\t\t\t\t\t\t\t\t\t<p><span style=\"color: #cc99ff;\">Com a Gra\u00e7a de Deus, conseguimos em um grande debate p\u00fablico na <span style=\"font-style: inherit; font-weight: inherit;\">C\u00e2mara Federal em Bras\u00edlia isolar definitivamente \u00a0o Cref-Confef da categoria da dan\u00e7a.<\/span><\/span><\/p><p><span style=\"color: #cc99ff;\">Trabalhamos muito para impor respeito e s\u00f3 haver contrata\u00e7\u00f5es de bailarinos e dan\u00e7arinos com a profissionaliza\u00e7\u00e3o \u201cDRT\u201d em carteira de trabalho.<\/span><\/p><p><span style=\"color: #cc99ff;\">O ENDA ousou e venceu como primeiro festival de Dan\u00e7a da Am\u00e9rica do Sul o \u201cEncontro Nacional de Dan\u00e7a\u201d e dele surgiram\u00a0<span style=\"font-style: inherit; font-weight: inherit;\">outros festivais de dan\u00e7a em todo o pa\u00eds.<\/span><span style=\"font-style: inherit; font-weight: inherit;\">Ficamos orgulhosos e felizes por termos sido os primeiros.<\/span><\/span><\/p><p><span style=\"color: #cc99ff;\">Criamos :<\/span><\/p><p><span style=\"color: #cc99ff;\">&#8211; o Sinddan\u00e7a,\u00a0<\/span><\/p><p><span style=\"color: #cc99ff;\">&#8211; o Dia do Profissional de Dan\u00e7a,\u00a0<\/span><\/p><p><span style=\"color: #cc99ff;\">&#8211; o Dia da Dan\u00e7a Cl\u00e1ssica\u00a0<\/span><\/p><p><span style=\"color: #cc99ff;\">&#8211; o Golden Stars.<\/span><\/p><p><span style=\"color: #cc99ff;\">&#8211; o ENDA\u00a0<\/span><\/p><p><span style=\"color: #cc99ff;\">O ENDA faz parte do calend\u00e1rio Nacional de Eventos do Minist\u00e9rio da Cultura.<\/span><\/p><p><span style=\"color: #cc99ff;\">N\u00e3o poupamos esfor\u00e7os para lev\u00e1-lo aos melhores teatros e termos infra-estrutura para receber da melhor forma poss\u00edvel os participantes.<\/span><\/p><p><span style=\"color: #cc99ff;\">.<\/span><\/p>\t\t\t\t\t\t\t\t<\/div>\n\t\t\t\t<\/div>\n\t\t\t\t<\/div>\n\t\t\t\t\t<\/div>\n\t\t\t\t<\/div>\n\t\t\t\t<\/div>\n\t\t","protected":false},"excerpt":{"rendered":"<p>INSTITUCIONALConhe\u00e7a um pouco da nossa hist\u00f3ria Com a Gra\u00e7a de Deus, conseguimos em um grande debate p\u00fablico na C\u00e2mara Federal em Bras\u00edlia isolar definitivamente \u00a0o Cref-Confef da categoria da dan\u00e7a. Trabalhamos muito para impor respeito e s\u00f3 haver contrata\u00e7\u00f5es de bailarinos e dan\u00e7arinos com a profissionaliza\u00e7\u00e3o \u201cDRT\u201d em carteira de trabalho. O ENDA ousou e [&hellip;]<\/p>\n","protected":false},"author":1,"featured_media":0,"parent":0,"menu_order":0,"comment_status":"closed","ping_status":"closed","template":"","meta":{"site-sidebar-layout":"no-sidebar","site-content-layout":"page-builder","ast-site-content-layout":"default","site-content-style":"default","site-sidebar-style":"default","ast-global-header-display":"","ast-banner-title-visibility":"","ast-main-header-display":"","ast-hfb-above-header-display":"","ast-hfb-below-header-display":"","ast-hfb-mobile-header-display":"","site-post-title":"disabled","ast-breadcrumbs-content":"","ast-featured-img":"disabled","footer-sml-layout":"","ast-disable-related-posts":"","theme-transparent-header-meta":"enabled","adv-header-id-meta":"","stick-header-meta":"","header-above-stick-meta":"","header-main-stick-meta":"","header-below-stick-meta":"","astra-migrate-meta-layouts":"default","ast-page-background-enabled":"default","ast-page-background-meta":{"desktop":{"background-color":"","background-image":"","background-repeat":"repeat","background-position":"center center","background-size":"auto","background-attachment":"scroll","background-type":"","background-media":"","overlay-type":"","overlay-color":"","overlay-opacity":"","overlay-gradient":""},"tablet":{"background-color":"","background-image":"","background-repeat":"repeat","background-position":"center center","background-size":"auto","background-attachment":"scroll","background-type":"","background-media":"","overlay-type":"","overlay-color":"","overlay-opacity":"","overlay-gradient":""},"mobile":{"background-color":"","background-image":"","background-repeat":"repeat","background-position":"center center","background-size":"auto","background-attachment":"scroll","background-type":"","background-media":"","overlay-type":"","overlay-color":"","overlay-opacity":"","overlay-gradient":""}},"ast-content-background-meta":{"desktop":{"background-color":"var(--ast-global-color-5)","background-image":"","background-repeat":"repeat","background-position":"center center","background-size":"auto","background-attachment":"scroll","background-type":"","background-media":"","overlay-type":"","overlay-color":"","overlay-opacity":"","overlay-gradient":""},"tablet":{"background-color":"var(--ast-global-color-5)","background-image":"","background-repeat":"repeat","background-position":"center center","background-size":"auto","background-attachment":"scroll","background-type":"","background-media":"","overlay-type":"","overlay-color":"","overlay-opacity":"","overlay-gradient":""},"mobile":{"background-color":"var(--ast-global-color-5)","background-image":"","background-repeat":"repeat","background-position":"center center","background-size":"auto","background-attachment":"scroll","background-type":"","background-media":"","overlay-type":"","overlay-color":"","overlay-opacity":"","overlay-gradient":""}},"footnotes":""},"class_list":["post-2644","page","type-page","status-publish","hentry"],"_links":{"self":[{"href":"https:\/\/sinddanca.com.br\/site99\/wp-json\/wp\/v2\/pages\/2644","targetHints":{"allow":["GET"]}}],"collection":[{"href":"https:\/\/sinddanca.com.br\/site99\/wp-json\/wp\/v2\/pages"}],"about":[{"href":"https:\/\/sinddanca.com.br\/site99\/wp-json\/wp\/v2\/types\/page"}],"author":[{"embeddable":true,"href":"https:\/\/sinddanca.com.br\/site99\/wp-json\/wp\/v2\/users\/1"}],"replies":[{"embeddable":true,"href":"https:\/\/sinddanca.com.br\/site99\/wp-json\/wp\/v2\/comments?post=2644"}],"version-history":[{"count":11,"href":"https:\/\/sinddanca.com.br\/site99\/wp-json\/wp\/v2\/pages\/2644\/revisions"}],"predecessor-version":[{"id":2770,"href":"https:\/\/sinddanca.com.br\/site99\/wp-json\/wp\/v2\/pages\/2644\/revisions\/2770"}],"wp:attachment":[{"href":"https:\/\/sinddanca.com.br\/site99\/wp-json\/wp\/v2\/media?parent=2644"}],"curies":[{"name":"wp","href":"https:\/\/api.w.org\/{rel}","templated":true}]}}

<div data-elementor-type="wp-post" data-elementor-id="2644" class="elementor elementor-2644">
				<div class="elementor-element elementor-element-296b94c e-flex e-con-boxed elementor-invisible e-con e-parent" data-id="296b94c" data-element_type="container" data-settings="{&quot;background_background&quot;:&quot;classic&quot;,&quot;animation&quot;:&quot;fadeIn&quot;}">
					<div class="e-con-inner">
		<div class="elementor-element elementor-element-6c80bf4 e-con-full e-flex e-con e-child" data-id="6c80bf4" data-element_type="container" data-settings="{&quot;background_background&quot;:&quot;classic&quot;}">
				<div class="elementor-element elementor-element-adb1249 elementor-widget elementor-widget-heading" data-id="adb1249" data-element_type="widget" data-widget_type="heading.default">
				<div class="elementor-widget-container">
					<h2 class="elementor-heading-title elementor-size-default"><br><br><br><hr size="3">INSTITUCIONAL<br>Conheça um pouco da nossa história</h2>				</div>
				</div>
				<div class="elementor-element elementor-element-b16ba04 elementor-widget elementor-widget-text-editor" data-id="b16ba04" data-element_type="widget" data-widget_type="text-editor.default">
				<div class="elementor-widget-container">
									<p><span style="color: #cc99ff;">Com a Graça de Deus, conseguimos em um grande debate público na <span style="font-style: inherit; font-weight: inherit;">Câmara Federal em Brasília isolar definitivamente  o Cref-Confef da categoria da dança.</span></span></p><p><span style="color: #cc99ff;">Trabalhamos muito para impor respeito e só haver contratações de bailarinos e dançarinos com a profissionalização “DRT” em carteira de trabalho.</span></p><p><span style="color: #cc99ff;">O ENDA ousou e venceu como primeiro festival de Dança da América do Sul o “Encontro Nacional de Dança” e dele surgiram <span style="font-style: inherit; font-weight: inherit;">outros festivais de dança em todo o país.</span><span style="font-style: inherit; font-weight: inherit;">Ficamos orgulhosos e felizes por termos sido os primeiros.</span></span></p><p><span style="color: #cc99ff;">Criamos :</span></p><p><span style="color: #cc99ff;">&#8211; o Sinddança, </span></p><p><span style="color: #cc99ff;">&#8211; o Dia do Profissional de Dança, </span></p><p><span style="color: #cc99ff;">&#8211; o Dia da Dança Clássica </span></p><p><span style="color: #cc99ff;">&#8211; o Golden Stars.</span></p><p><span style="color: #cc99ff;">&#8211; o ENDA </span></p><p><span style="color: #cc99ff;">O ENDA faz parte do calendário Nacional de Eventos do Ministério da Cultura.</span></p><p><span style="color: #cc99ff;">Não poupamos esforços para levá-lo aos melhores teatros e termos infra-estrutura para receber da melhor forma possível os participantes.</span></p><p><span style="color: #cc99ff;">.</span></p>								</div>
				</div>
				</div>
					</div>
				</div>
				</div>

<p>INSTITUCIONALConheça um pouco da nossa história Com a Graça de Deus, conseguimos em um grande debate público na Câmara Federal em Brasília isolar definitivamente  o Cref-Confef da categoria da dança. Trabalhamos muito para impor respeito e só haver contratações de bailarinos e dançarinos com a profissionalização “DRT” em carteira de trabalho. O ENDA ousou e [&hellip;]</p>
