{"id":2595,"date":"2025-07-23T19:00:05","date_gmt":"2025-07-23T22:00:05","guid":{"rendered":"https:\/\/sinddanca.com.br\/site99\/?page_id=2595"},"modified":"2025-07-26T21:32:50","modified_gmt":"2025-07-27T00:32:50","slug":"diretoria","status":"publish","type":"page","link":"https:\/\/sinddanca.com.br\/site99\/diretoria\/","title":{"rendered":"Diretoria"},"content":{"rendered":"\t\t<div data-elementor-type=\"wp-post\" data-elementor-id=\"2595\" class=\"elementor elementor-2595\">\n\t\t\t\t<div class=\"elementor-element elementor-element-296b94c e-flex e-con-boxed elementor-invisible e-con e-parent\" data-id=\"296b94c\" data-element_type=\"container\" data-settings=\"{&quot;background_background&quot;:&quot;classic&quot;,&quot;animation&quot;:&quot;fadeIn&quot;}\">\n\t\t\t\t\t<div class=\"e-con-inner\">\n\t\t<div class=\"elementor-element elementor-element-6c80bf4 e-con-full e-flex e-con e-child\" data-id=\"6c80bf4\" data-element_type=\"container\">\n\t\t\t\t<div class=\"elementor-element elementor-element-adb1249 elementor-widget elementor-widget-heading\" data-id=\"adb1249\" data-element_type=\"widget\" data-widget_type=\"heading.default\">\n\t\t\t\t<div class=\"elementor-widget-container\">\n\t\t\t\t\t<h3 class=\"elementor-heading-title elementor-size-default\"><br><br><br><hr size=\"3\">DIRETORIA<br>Presidente do SINDDAN\u00c7A<\/h3>\t\t\t\t<\/div>\n\t\t\t\t<\/div>\n\t\t\t\t<div class=\"elementor-element elementor-element-b16ba04 elementor-widget elementor-widget-text-editor\" data-id=\"b16ba04\" data-element_type=\"widget\" data-widget_type=\"text-editor.default\">\n\t\t\t\t<div class=\"elementor-widget-container\">\n\t\t\t\t\t\t\t\t\t<h2 style=\"text-align: center;\"><img decoding=\"async\" class=\" wp-image-2886 alignnone\" src=\"https:\/\/sinddanca.com.br\/site99\/wp-content\/uploads\/2025\/07\/bailarina-mariapia.jpg\" alt=\"\" width=\"156\" height=\"194\" \/><span style=\"color: #cc99ff;\">MARIA PIA FIN\u00d3CCHIO<\/span><\/h2><h4><span style=\"color: #cc99ff;\">Foi 1\u00aa Bailarina do Teatro Municipal de S\u00e3o Paulo, sendo\u00a0 das mais premiadas bailarinas do Brasil. Aperfei\u00e7oou-se nos principais Teatros da Europa.<\/span><\/h4><h4><span style=\"color: #cc99ff;\">Foi Professora Titular de Educa\u00e7\u00e3o Art\u00edstica da Faculdade Santa Marcelina.<\/span><\/h4><h4><span style=\"color: #cc99ff;\">Nomeada pelo Governo Brasileiro \u201cEmbaixatriz do Turismo do Brasil no Exterior\u201d, cargo ocupado posteriormente pelo Rei Pel\u00e9.<\/span><\/h4><h4><span style=\"color: #cc99ff;\">Produziu e dirigiu cursos de ballet na TV Cultura e na TV Educativa experi\u00eancia pioneira na \u00e1rea de Educa\u00e7\u00e3o Art\u00edstica na TV Brasileira.<\/span><\/h4><h4><span style=\"color: #cc99ff;\">Organizadora do Festival de Dan\u00e7a \u201cENDA\u201d \u2013 Encontro Nacional da Dan\u00e7a\u201d, que faz parte do Calend\u00e1rio Nacional de Eventos do Minist\u00e9rio da Cultura, tendo sido o pioneiro dos festivais de dan\u00e7a da Am\u00e9rica Latina, contando aproximadamente cada ano com 3000 bailarinos, core\u00f3grafos, professores e diretores em todas as suas fases. Desse evento foram revelados grandes nomes do ballet nacional e internacional.<\/span><\/h4><h4><span style=\"color: #cc99ff;\">Foi uma das fundadoras do Sindicato dos Profissionais da Dan\u00e7a do Estado de S\u00e3o Paulo.<\/span><\/h4><h4><span style=\"color: #cc99ff;\">Foi assessora cultural da Secretaria da Cultura do Munic\u00edpio de S\u00e3o Paulo onde permaneceu at\u00e9 sua nomea\u00e7\u00e3o como Ju\u00edza do Tribunal Regional do Trabalho de S\u00e3o Paulo.<\/span><\/h4><h4><span style=\"color: #cc99ff;\">\u00c9 jurada efetiva da TV GLOBO, no quadro \u201cDan\u00e7a doa Famosos\u201d do Programa Doming\u00e3o do Faust\u00e3o.<\/span><\/h4><h4><span style=\"color: #cc99ff;\">Recebeu recentemente em noite de Gala no Hall Monumental da Assembl\u00e9ia Legislativa de S\u00e3o Paulo o T\u00edtulo de Mulher do Ano.<\/span><\/h4><h4><span style=\"color: #cc99ff;\">Figura da Dan\u00e7a de 2015 que tem como objetivo revisitar a carreira de personalidades da dan\u00e7a do Brasil.<\/span><\/h4>\t\t\t\t\t\t\t\t<\/div>\n\t\t\t\t<\/div>\n\t\t\t\t<\/div>\n\t\t\t\t\t<\/div>\n\t\t\t\t<\/div>\n\t\t\t\t<\/div>\n\t\t","protected":false},"excerpt":{"rendered":"<p>DIRETORIAPresidente do SINDDAN\u00c7A MARIA PIA FIN\u00d3CCHIO Foi 1\u00aa Bailarina do Teatro Municipal de S\u00e3o Paulo, sendo\u00a0 das mais premiadas bailarinas do Brasil. Aperfei\u00e7oou-se nos principais Teatros da Europa. Foi Professora Titular de Educa\u00e7\u00e3o Art\u00edstica da Faculdade Santa Marcelina. Nomeada pelo Governo Brasileiro \u201cEmbaixatriz do Turismo do Brasil no Exterior\u201d, cargo ocupado posteriormente pelo Rei Pel\u00e9. [&hellip;]<\/p>\n","protected":false},"author":1,"featured_media":0,"parent":0,"menu_order":0,"comment_status":"closed","ping_status":"closed","template":"","meta":{"site-sidebar-layout":"no-sidebar","site-content-layout":"page-builder","ast-site-content-layout":"default","site-content-style":"default","site-sidebar-style":"default","ast-global-header-display":"","ast-banner-title-visibility":"","ast-main-header-display":"","ast-hfb-above-header-display":"","ast-hfb-below-header-display":"","ast-hfb-mobile-header-display":"","site-post-title":"disabled","ast-breadcrumbs-content":"","ast-featured-img":"disabled","footer-sml-layout":"","ast-disable-related-posts":"","theme-transparent-header-meta":"enabled","adv-header-id-meta":"","stick-header-meta":"","header-above-stick-meta":"","header-main-stick-meta":"","header-below-stick-meta":"","astra-migrate-meta-layouts":"default","ast-page-background-enabled":"default","ast-page-background-meta":{"desktop":{"background-color":"","background-image":"","background-repeat":"repeat","background-position":"center center","background-size":"auto","background-attachment":"scroll","background-type":"","background-media":"","overlay-type":"","overlay-color":"","overlay-opacity":"","overlay-gradient":""},"tablet":{"background-color":"","background-image":"","background-repeat":"repeat","background-position":"center center","background-size":"auto","background-attachment":"scroll","background-type":"","background-media":"","overlay-type":"","overlay-color":"","overlay-opacity":"","overlay-gradient":""},"mobile":{"background-color":"","background-image":"","background-repeat":"repeat","background-position":"center center","background-size":"auto","background-attachment":"scroll","background-type":"","background-media":"","overlay-type":"","overlay-color":"","overlay-opacity":"","overlay-gradient":""}},"ast-content-background-meta":{"desktop":{"background-color":"var(--ast-global-color-5)","background-image":"","background-repeat":"repeat","background-position":"center center","background-size":"auto","background-attachment":"scroll","background-type":"","background-media":"","overlay-type":"","overlay-color":"","overlay-opacity":"","overlay-gradient":""},"tablet":{"background-color":"var(--ast-global-color-5)","background-image":"","background-repeat":"repeat","background-position":"center center","background-size":"auto","background-attachment":"scroll","background-type":"","background-media":"","overlay-type":"","overlay-color":"","overlay-opacity":"","overlay-gradient":""},"mobile":{"background-color":"var(--ast-global-color-5)","background-image":"","background-repeat":"repeat","background-position":"center center","background-size":"auto","background-attachment":"scroll","background-type":"","background-media":"","overlay-type":"","overlay-color":"","overlay-opacity":"","overlay-gradient":""}},"footnotes":""},"class_list":["post-2595","page","type-page","status-publish","hentry"],"_links":{"self":[{"href":"https:\/\/sinddanca.com.br\/site99\/wp-json\/wp\/v2\/pages\/2595","targetHints":{"allow":["GET"]}}],"collection":[{"href":"https:\/\/sinddanca.com.br\/site99\/wp-json\/wp\/v2\/pages"}],"about":[{"href":"https:\/\/sinddanca.com.br\/site99\/wp-json\/wp\/v2\/types\/page"}],"author":[{"embeddable":true,"href":"https:\/\/sinddanca.com.br\/site99\/wp-json\/wp\/v2\/users\/1"}],"replies":[{"embeddable":true,"href":"https:\/\/sinddanca.com.br\/site99\/wp-json\/wp\/v2\/comments?post=2595"}],"version-history":[{"count":50,"href":"https:\/\/sinddanca.com.br\/site99\/wp-json\/wp\/v2\/pages\/2595\/revisions"}],"predecessor-version":[{"id":2890,"href":"https:\/\/sinddanca.com.br\/site99\/wp-json\/wp\/v2\/pages\/2595\/revisions\/2890"}],"wp:attachment":[{"href":"https:\/\/sinddanca.com.br\/site99\/wp-json\/wp\/v2\/media?parent=2595"}],"curies":[{"name":"wp","href":"https:\/\/api.w.org\/{rel}","templated":true}]}}

<div data-elementor-type="wp-post" data-elementor-id="2595" class="elementor elementor-2595">
				<div class="elementor-element elementor-element-296b94c e-flex e-con-boxed elementor-invisible e-con e-parent" data-id="296b94c" data-element_type="container" data-settings="{&quot;background_background&quot;:&quot;classic&quot;,&quot;animation&quot;:&quot;fadeIn&quot;}">
					<div class="e-con-inner">
		<div class="elementor-element elementor-element-6c80bf4 e-con-full e-flex e-con e-child" data-id="6c80bf4" data-element_type="container">
				<div class="elementor-element elementor-element-adb1249 elementor-widget elementor-widget-heading" data-id="adb1249" data-element_type="widget" data-widget_type="heading.default">
				<div class="elementor-widget-container">
					<h3 class="elementor-heading-title elementor-size-default"><br><br><br><hr size="3">DIRETORIA<br>Presidente do SINDDANÇA</h3>				</div>
				</div>
				<div class="elementor-element elementor-element-b16ba04 elementor-widget elementor-widget-text-editor" data-id="b16ba04" data-element_type="widget" data-widget_type="text-editor.default">
				<div class="elementor-widget-container">
									<h2 style="text-align: center;"><img decoding="async" class=" wp-image-2886 alignnone" src="https://sinddanca.com.br/site99/wp-content/uploads/2025/07/bailarina-mariapia.jpg" alt="" width="156" height="194" /><span style="color: #cc99ff;">MARIA PIA FINÓCCHIO</span></h2><h4><span style="color: #cc99ff;">Foi 1ª Bailarina do Teatro Municipal de São Paulo, sendo  das mais premiadas bailarinas do Brasil. Aperfeiçoou-se nos principais Teatros da Europa.</span></h4><h4><span style="color: #cc99ff;">Foi Professora Titular de Educação Artística da Faculdade Santa Marcelina.</span></h4><h4><span style="color: #cc99ff;">Nomeada pelo Governo Brasileiro “Embaixatriz do Turismo do Brasil no Exterior”, cargo ocupado posteriormente pelo Rei Pelé.</span></h4><h4><span style="color: #cc99ff;">Produziu e dirigiu cursos de ballet na TV Cultura e na TV Educativa experiência pioneira na área de Educação Artística na TV Brasileira.</span></h4><h4><span style="color: #cc99ff;">Organizadora do Festival de Dança “ENDA” – Encontro Nacional da Dança”, que faz parte do Calendário Nacional de Eventos do Ministério da Cultura, tendo sido o pioneiro dos festivais de dança da América Latina, contando aproximadamente cada ano com 3000 bailarinos, coreógrafos, professores e diretores em todas as suas fases. Desse evento foram revelados grandes nomes do ballet nacional e internacional.</span></h4><h4><span style="color: #cc99ff;">Foi uma das fundadoras do Sindicato dos Profissionais da Dança do Estado de São Paulo.</span></h4><h4><span style="color: #cc99ff;">Foi assessora cultural da Secretaria da Cultura do Município de São Paulo onde permaneceu até sua nomeação como Juíza do Tribunal Regional do Trabalho de São Paulo.</span></h4><h4><span style="color: #cc99ff;">É jurada efetiva da TV GLOBO, no quadro “Dança doa Famosos” do Programa Domingão do Faustão.</span></h4><h4><span style="color: #cc99ff;">Recebeu recentemente em noite de Gala no Hall Monumental da Assembléia Legislativa de São Paulo o Título de Mulher do Ano.</span></h4><h4><span style="color: #cc99ff;">Figura da Dança de 2015 que tem como objetivo revisitar a carreira de personalidades da dança do Brasil.</span></h4>								</div>
				</div>
				</div>
					</div>
				</div>
				</div>

<p>DIRETORIAPresidente do SINDDANÇA MARIA PIA FINÓCCHIO Foi 1ª Bailarina do Teatro Municipal de São Paulo, sendo  das mais premiadas bailarinas do Brasil. Aperfeiçoou-se nos principais Teatros da Europa. Foi Professora Titular de Educação Artística da Faculdade Santa Marcelina. Nomeada pelo Governo Brasileiro “Embaixatriz do Turismo do Brasil no Exterior”, cargo ocupado posteriormente pelo Rei Pelé. [&hellip;]</p>
