{"id":2664,"date":"2025-07-23T20:36:55","date_gmt":"2025-07-23T23:36:55","guid":{"rendered":"https:\/\/sinddanca.com.br\/site99\/?page_id=2664"},"modified":"2025-07-24T21:00:52","modified_gmt":"2025-07-25T00:00:52","slug":"drt-3","status":"publish","type":"page","link":"https:\/\/sinddanca.com.br\/site\/drt-3\/","title":{"rendered":"Informa\u00e7\u00f5es para DRT"},"content":{"rendered":"\t\t<div data-elementor-type=\"wp-post\" data-elementor-id=\"2664\" class=\"elementor elementor-2664\">\n\t\t\t\t<div class=\"elementor-element elementor-element-8bcd764 e-flex e-con-boxed elementor-invisible e-con e-parent\" data-id=\"8bcd764\" data-element_type=\"container\" data-settings=\"{&quot;background_background&quot;:&quot;classic&quot;,&quot;animation&quot;:&quot;fadeIn&quot;}\">\n\t\t\t\t\t<div class=\"e-con-inner\">\n\t\t<div class=\"elementor-element elementor-element-3211a19 e-con-full e-flex e-con e-child\" data-id=\"3211a19\" data-element_type=\"container\">\n\t\t\t\t<div class=\"elementor-element elementor-element-5e9b6ee elementor-invisible elementor-widget elementor-widget-heading\" data-id=\"5e9b6ee\" data-element_type=\"widget\" data-settings=\"{&quot;_animation&quot;:&quot;fadeInUp&quot;}\" data-widget_type=\"heading.default\">\n\t\t\t\t<div class=\"elementor-widget-container\">\n\t\t\t\t\t<h1 class=\"elementor-heading-title elementor-size-default\">Informa\u00e7\u00f5es para obten\u00e7\u00e3o do DRT<\/h1>\t\t\t\t<\/div>\n\t\t\t\t<\/div>\n\t\t\t\t<\/div>\n\t\t<div class=\"elementor-element elementor-element-70fdbc1 e-con-full e-flex e-con e-child\" data-id=\"70fdbc1\" data-element_type=\"container\">\n\t\t\t\t<\/div>\n\t\t\t\t\t<\/div>\n\t\t\t\t<\/div>\n\t\t<div class=\"elementor-element elementor-element-3445653 e-con-full e-flex e-con e-parent\" data-id=\"3445653\" data-element_type=\"container\" data-settings=\"{&quot;background_background&quot;:&quot;classic&quot;}\">\n\t\t<div class=\"elementor-element elementor-element-a2a0548 e-con-full e-flex e-con e-child\" data-id=\"a2a0548\" data-element_type=\"container\" data-settings=\"{&quot;background_background&quot;:&quot;classic&quot;}\">\n\t\t\t\t<div class=\"elementor-element elementor-element-d8b0325 elementor-widget elementor-widget-heading\" data-id=\"d8b0325\" data-element_type=\"widget\" data-widget_type=\"heading.default\">\n\t\t\t\t<div class=\"elementor-widget-container\">\n\t\t\t\t\t<h2 class=\"elementor-heading-title elementor-size-default\">DRT<\/h2>\t\t\t\t<\/div>\n\t\t\t\t<\/div>\n\t\t\t\t<div class=\"elementor-element elementor-element-eeed392 elementor-widget elementor-widget-text-editor\" data-id=\"eeed392\" data-element_type=\"widget\" data-widget_type=\"text-editor.default\">\n\t\t\t\t<div class=\"elementor-widget-container\">\n\t\t\t\t\t\t\t\t\t<p style=\"text-align: left;\">Informamos que o Sinddan\u00e7a est\u00e1 realizando a banca examinadora remotamente.<\/p><p><b><u>Lembramos que o prazo para resposta dos aprovados \u00e9 de at\u00e9 15 (quinze) dias.<\/u><\/b><\/p><p>Informamos ainda que ap\u00f3s a aprova\u00e7\u00e3o da banca examinadora e com o Atestado de Capacita\u00e7\u00e3o em m\u00e3os, o Minist\u00e9rio do Trabalho\/Economia \u00e9 o \u00d3rg\u00e3o respons\u00e1vel para a emiss\u00e3o do DRT e a demora \u00e9 de aproximadamente 30\/40 dias.<\/p><p style=\"text-align: left;\"><b><u>Os documentos necess\u00e1rios para a obten\u00e7\u00e3o do Atestado de Capacita\u00e7\u00e3o s\u00e3o:<\/u><\/b><\/p><p style=\"text-align: left;\"><b><u>\u2013 RG<\/u><\/b><\/p><p style=\"text-align: left;\"><b><u>\u2013 CPF<\/u><\/b><\/p><p style=\"text-align: left;\"><b><u>\u2013 COMPROVANTE DE ENDERE\u00c7O<\/u><\/b><\/p><p style=\"text-align: left;\"><b><u>\u2013 CARTEIRA DE TRABALHO PROFISSIONAL FRENTE\/VERSO OU DIGITAL<\/u><\/b><\/p><p style=\"text-align: left;\"><b><u>\u2013 CURR\u00cdCULO PROFISSIONAL<\/u><\/b><\/p><p style=\"text-align: left;\"><b><u>\u2013 V\u00cdDEO DE AT\u00c9 5 MINUTOS<\/u><\/b><\/p><p style=\"text-align: left;\"><b><u>\u2013 TAXA DE INSCRI\u00c7\u00c3O NO VALOR DE R$ 400,00<\/u><\/b>*<\/p><p style=\"text-align: left;\">OS PAGAMENTOS DA BANCA DEVEM SER FEITOS EXCLUSIVAMENTE NA <b>CONTA DO SINDDAN\u00c7A<\/b>.<\/p><p style=\"text-align: left;\">DADOS BANC\u00c1RIOS &#8211;&gt;\u00a0<span style=\"font-style: inherit; font-weight: inherit;\">Solicitar LINK para pagamento via Pix pelo WhatsApp (informado abaixo)<\/span><\/p><p style=\"text-align: left;\">Todos os documentos, comprovante de pagamento da taxa de inscri\u00e7\u00e3o e o v\u00eddeo dever\u00e3o ser enviados por e-mail (<strong>sinddanca@sinddanca.com.br<\/strong>).<\/p><p style=\"text-align: left;\"><strong>*OBS: Para os valores pagos na taxa de inscri\u00e7\u00e3o n\u00e3o h\u00e1 reembolso.<\/strong><\/p><p style=\"text-align: left;\">D\u00favidas entrar em contato com <strong>Aleandra<\/strong>, somente por mensagens no <strong>WhatsApp (11)-98558-3463<\/strong><\/p><p style=\"text-align: left;\"><span style=\"color: #ff0000;\">Hor\u00e1rio de atendimento do WhatsApp \u00e9 das <b>14 horas \u00e0s 18 horas.<\/b><\/span><\/p>\t\t\t\t\t\t\t\t<\/div>\n\t\t\t\t<\/div>\n\t\t\t\t<\/div>\n\t\t<div class=\"elementor-element elementor-element-ef722fb e-con-full e-flex e-con e-child\" data-id=\"ef722fb\" data-element_type=\"container\">\n\t\t\t\t<div class=\"elementor-element elementor-element-c8e69c7 elementor-widget__width-initial elementor-widget elementor-widget-text-editor\" data-id=\"c8e69c7\" data-element_type=\"widget\" data-widget_type=\"text-editor.default\">\n\t\t\t\t<div class=\"elementor-widget-container\">\n\t\t\t\t\t\t\t\t\t<h3>\u00a0<\/h3><h3 style=\"text-align: center;\"><span style=\"color: #ffffff;\">SOBRE o\u00a0 DRT<\/span><\/h3><h4 style=\"text-align: center;\"><span style=\"color: #ffffff;\">\u00a0(<span style=\"font-style: inherit; font-weight: inherit;\">\u00a0Registro Profissional na Delegacia Regional do Trabalho )<\/span><\/span><\/h4><p><span style=\"color: #ffffff;\">A diretoria do Sindicato dos Profissionais da Dan\u00e7a do Estado de S\u00e3o Paulo tem realizado, com certa freq\u00fc\u00eancia, as bancas examinadoras para habilitar profissionais ao registro, no Minist\u00e9rio do Trabalho, condi\u00e7\u00e3o fundamental para o exerc\u00edcio da profiss\u00e3o.<\/span><\/p><p><span style=\"color: #ffffff;\">O atestado de capacita\u00e7\u00e3o profissional s\u00f3 \u00e9 fornecido aqueles\/aquelas que comprovem, efetivamente, estarem aptos para o desempenho das fun\u00e7\u00f5es.<\/span><\/p><p><span style=\"color: #ffffff;\">Sem o atestado ningu\u00e9m pode pleitear o registro na DRT, pois a lei 6.533;78 que regulamento a profiss\u00e3o, em seu artigo.7\u00ba item III, atribui ao sindicato a responsabilidade de conferir o conhecimento profissional do interessado.<\/span><\/p><p><span style=\"font-style: inherit; font-weight: inherit; color: #ffffff;\">Somente o SINDDAN\u00c7A, no Estado de S\u00e3o Paulo, pode examinar candidatos, aprov\u00e1-los e expedir o atestado de capacita\u00e7\u00e3o, quando se tratar de bailarinos, dan\u00e7arinos, core\u00f3grafos e maitres.<\/span><\/p><p><span style=\"font-style: inherit; font-weight: inherit; color: #ffffff;\">Caso se constate qualquer forma de fraude, por parte de terceiros, no fornecimento de atestados, como por exemplo, camuflando a real fun\u00e7\u00e3o exercida pelo profissional, o SINDDAN\u00c7A embargar\u00e1 o registro na DRT, pedindo sua anula\u00e7\u00e3o e abertura de inqu\u00e9rito administrativo para apurar e punir os seus respons\u00e1veis.<\/span><\/p><p><span style=\"color: #ffffff;\">TODAS as informa\u00e7\u00f5es est\u00e3o acima.<\/span><\/p><div>\u00a0<\/div>\t\t\t\t\t\t\t\t<\/div>\n\t\t\t\t<\/div>\n\t\t\t\t<\/div>\n\t\t<div class=\"elementor-element elementor-element-8cf662e e-con-full e-flex e-con e-child\" data-id=\"8cf662e\" data-element_type=\"container\">\n\t\t\t\t<\/div>\n\t\t\t\t<\/div>\n\t\t\t\t<\/div>\n\t\t","protected":false},"excerpt":{"rendered":"<p>Informa\u00e7\u00f5es para obten\u00e7\u00e3o do DRT DRT Informamos que o Sinddan\u00e7a est\u00e1 realizando a banca examinadora remotamente. Lembramos que o prazo para resposta dos aprovados \u00e9 de at\u00e9 15 (quinze) dias. Informamos ainda que ap\u00f3s a aprova\u00e7\u00e3o da banca examinadora e com o Atestado de Capacita\u00e7\u00e3o em m\u00e3os, o Minist\u00e9rio do Trabalho\/Economia \u00e9 o \u00d3rg\u00e3o respons\u00e1vel [&hellip;]<\/p>\n","protected":false},"author":1,"featured_media":0,"parent":0,"menu_order":0,"comment_status":"closed","ping_status":"closed","template":"","meta":{"site-sidebar-layout":"no-sidebar","site-content-layout":"page-builder","ast-site-content-layout":"default","site-content-style":"default","site-sidebar-style":"default","ast-global-header-display":"","ast-banner-title-visibility":"","ast-main-header-display":"","ast-hfb-above-header-display":"","ast-hfb-below-header-display":"","ast-hfb-mobile-header-display":"","site-post-title":"disabled","ast-breadcrumbs-content":"","ast-featured-img":"disabled","footer-sml-layout":"","ast-disable-related-posts":"","theme-transparent-header-meta":"enabled","adv-header-id-meta":"","stick-header-meta":"","header-above-stick-meta":"","header-main-stick-meta":"","header-below-stick-meta":"","astra-migrate-meta-layouts":"default","ast-page-background-enabled":"default","ast-page-background-meta":{"desktop":{"background-color":"","background-image":"","background-repeat":"repeat","background-position":"center center","background-size":"auto","background-attachment":"scroll","background-type":"","background-media":"","overlay-type":"","overlay-color":"","overlay-opacity":"","overlay-gradient":""},"tablet":{"background-color":"","background-image":"","background-repeat":"repeat","background-position":"center center","background-size":"auto","background-attachment":"scroll","background-type":"","background-media":"","overlay-type":"","overlay-color":"","overlay-opacity":"","overlay-gradient":""},"mobile":{"background-color":"","background-image":"","background-repeat":"repeat","background-position":"center center","background-size":"auto","background-attachment":"scroll","background-type":"","background-media":"","overlay-type":"","overlay-color":"","overlay-opacity":"","overlay-gradient":""}},"ast-content-background-meta":{"desktop":{"background-color":"var(--ast-global-color-5)","background-image":"","background-repeat":"repeat","background-position":"center center","background-size":"auto","background-attachment":"scroll","background-type":"","background-media":"","overlay-type":"","overlay-color":"","overlay-opacity":"","overlay-gradient":""},"tablet":{"background-color":"var(--ast-global-color-5)","background-image":"","background-repeat":"repeat","background-position":"center center","background-size":"auto","background-attachment":"scroll","background-type":"","background-media":"","overlay-type":"","overlay-color":"","overlay-opacity":"","overlay-gradient":""},"mobile":{"background-color":"var(--ast-global-color-5)","background-image":"","background-repeat":"repeat","background-position":"center center","background-size":"auto","background-attachment":"scroll","background-type":"","background-media":"","overlay-type":"","overlay-color":"","overlay-opacity":"","overlay-gradient":""}},"footnotes":""},"class_list":["post-2664","page","type-page","status-publish","hentry"],"_links":{"self":[{"href":"https:\/\/sinddanca.com.br\/site\/wp-json\/wp\/v2\/pages\/2664","targetHints":{"allow":["GET"]}}],"collection":[{"href":"https:\/\/sinddanca.com.br\/site\/wp-json\/wp\/v2\/pages"}],"about":[{"href":"https:\/\/sinddanca.com.br\/site\/wp-json\/wp\/v2\/types\/page"}],"author":[{"embeddable":true,"href":"https:\/\/sinddanca.com.br\/site\/wp-json\/wp\/v2\/users\/1"}],"replies":[{"embeddable":true,"href":"https:\/\/sinddanca.com.br\/site\/wp-json\/wp\/v2\/comments?post=2664"}],"version-history":[{"count":28,"href":"https:\/\/sinddanca.com.br\/site\/wp-json\/wp\/v2\/pages\/2664\/revisions"}],"predecessor-version":[{"id":2811,"href":"https:\/\/sinddanca.com.br\/site\/wp-json\/wp\/v2\/pages\/2664\/revisions\/2811"}],"wp:attachment":[{"href":"https:\/\/sinddanca.com.br\/site\/wp-json\/wp\/v2\/media?parent=2664"}],"curies":[{"name":"wp","href":"https:\/\/api.w.org\/{rel}","templated":true}]}}